a composite number?
False
Is 6345753773 a prime number?
False
Is 63298320691 composite?
False
Is 1817366935 composite?
True
Is 116187405997 prime?
False
Is 4894880869 composite?
True
Is 11368285093 a prime number?
False
Is 6086179483 a prime number?
True
Is 904859657 a composite number?
True
Is 2907604147 a prime number?
False
Is 46516637 a prime number?
False
Is 40030130291 a composite number?
True
Is 17262937577 composite?
False
Is 841119563 composite?
False
Is 1258335319 a prime number?
False
Is 241209859 a prime number?
False
Is 984157453 a composite number?
False
Is 5239711367 a composite number?
True
Is 42818814553 composite?
True
Is 15592278763 prime?
True
Is 40528171 composite?
False
Is 223829971 a composite number?
True
Is 7247751991 prime?
True
Is 3345824849 a composite number?
False
Is 438766837 a composite number?
True
Is 2729731243 a composite number?
False
Is 7773546581 prime?
False
Is 2847025897 composite?
False
Is 169240783 composite?
True
Is 57228295823 a prime number?
False
Is 2241617981 a prime number?
True
Is 5912836259 a composite number?
True
Is 40828740097 a composite number?
False
Is 14742288811 composite?
False
Is 13394838469 a composite number?
False
Is 1844960941 a prime number?
True
Is 2016513163 a composite number?
True
Is 15741903001 a composite number?
True
Is 84612223 a prime number?
False
Is 2017352203 a prime number?
True
Is 1984277693 prime?
False
Is 8125369649 a composite number?
False
Is 252807245 a prime number?
False
Is 5103751447 a composite number?
True
Is 120995563211 composite?
True
Is 673178087 prime?
False
Is 7077093623 a composite number?
False
Is 2301435937 composite?
False
Is 734301409 composite?
True
Is 1468598779 prime?
False
Is 15135104929 composite?
True
Is 311956407293 composite?
False
Is 132651613 composite?
False
Is 91238429 a prime number?
False
Is 122966737813 a composite number?
True
Is 25978506727 prime?
True
Is 48438027959 prime?
True
Is 3108605413 prime?
True
Is 2946917797 composite?
False
Is 434706913 composite?
True
Is 1630137869 prime?
False
Is 4454253322 a composite number?
True
Is 2599759849 a composite number?
False
Is 73260114047 composite?
False
Is 11272527871 a prime number?
False
Is 26922703337 prime?
False
Is 180022969 a composite number?
True
Is 14733053429 a composite number?
True
Is 14184550733 a composite number?
False
Is 65201197 a prime number?
True
Is 13969946531 a prime number?
False
Is 11924817181 prime?
True
Is 522560551 prime?
False
Is 196211425937 composite?
False
Is 581623951 a prime number?
True
Is 96620064623 prime?
True
Is 109262481 prime?
False
Is 463836877 a prime number?
False
Is 1044764557 a prime number?
True
Is 99358409 a composite number?
True
Is 3000513491 composite?
True
Is 7713323369 prime?
True
Is 7490484809 composite?
True
Is 177185728763 a composite number?
False
Is 269393791 a composite number?
False
Is 546099187 composite?
True
Is 10443684289 a prime number?
True
Is 2991542899 a prime number?
False
Is 3960207841 composite?
False
Is 10584155585 composite?
True
Is 359416327 composite?
False
Is 2213937391 a prime number?
True
Is 863434717 prime?
True
Is 486951799 prime?
True
Is 290782091 prime?
False
Is 1967480693 a composite number?
False
Is 2254860661 composite?
True
Is 16111196251 prime?
False
Is 611985911 prime?
False
Is 601054537 composite?
True
Is 1604751139 prime?
True
Is 641687203 a prime number?
True
Is 3673054457 a composite number?
True
Is 11577946147 prime?
True
Is 1414880917 composite?
False
Is 156132927781 a prime number?
False
Is 932027597 a prime number?
False
Is 291870219 a prime number?
False
Is 729000218 a composite number?
True
Is 214885351 prime?
False
Is 7472047637 composite?
False
Is 9242043043 prime?
True
Is 2081540143 a prime number?
True
Is 27947308663 composite?
True
Is 360599009 a composite number?
False
Is 499156607 prime?
False
Is 6368303203 prime?
True
Is 10022159594 composite?
True
Is 8848695247 prime?
False
Is 45441445097 a composite number?
True
Is 371485451 a composite number?
False
Is 1724614207 composite?
False
Is 1029225313 a prime number?
False
Is 9387441523 a prime number?
True
Is 108522462227 composite?
True
Is 30600955239 composite?
True
Is 15365755109 composite?
False
Is 85896071603 prime?
False
Is 392699893 a prime number?
False
Is 1010982461 a prime number?
False
Is 2426588221 composite?
False
Is 915097717 composite?
True
Is 49218791567 a prime number?
False
Is 76675541161 a composite number?
False
Is 46453905083 a composite number?
False
Is 677675237 prime?
False
Is 23595435733 a composite number?
True
Is 15212094299 prime?
True
Is 1346292403 composite?
False
Is 1122888113 composite?
False
Is 13494651851 composite?
True
Is 12808733063 a prime number?
False
Is 96288647219 composite?
True
Is 35132489651 a prime number?
False
Is 96278904019 a composite number?
True
Is 7713857013 a prime number?
False
Is 755689079 composite?
False
Is 1432697713 a composite number?
True
Is 1097718763 prime?
False
Is 5712007673 prime?
False
Is 12699202441 a composite number?
False
Is 486316307 composite?
True
Is 248066437459 a prime number?
False
Is 31909769 prime?
True
Is 56886288281 prime?
True
Is 4730713877 composite?
False
Is 64521578959 composite?
True
Is 311147357 a composite number?
False
Is 33872209013 a composite number?
True
Is 24992616631 a composite number?
True
Is 885607057 a prime number?
True
Is 86526059 composite?
True
Is 1029593309 composite?
True
Is 20782565173 a composite number?
True
Is 38017040671 composite?
False
Is 6089814359 a composite number?
False
Is 52250569153 prime?
False
Is 338157917 prime?
True
Is 19598830253 composite?
False
Is 225508187 a composite number?
False
Is 29537607181 prime?
False
Is 4523859793 a composite number?
True
Is 93557107783 a prime number?
True
Is 3285371051 a composite number?
False
Is 12866438531 composite?
False
Is 49658214059 prime?
True
Is 15134083 a prime number?
True
Is 7257329701 composite?
False
Is 6352207193 prime?
True
Is 14680375571 a prime number?
True
Is 17506695839 prime?
True
Is 6079419103 prime?
True
Is 1252949515 composite?
True
Is 1044981373 composite?
True
Is 10745064667 prime?
True
Is 767282713 prime?
True
Is 8189709995 composite?
True
Is 50066768279 prime?
False
Is 2244757051 composite?
False
Is 1354180241 a prime number?
True
Is 2772972563 a composite number?
False
Is 408865367 composite?
False
Is 16923119599 a prime number?
True
Is 45808953647 a composite number?
True
Is 72182256271 prime?
False
Is 261909077 a composite number?
False
Is 21256014179 composite?
True
Is 1352544421 a composite number?
True
Is 9651572191 a prime number?
False
Is 7397651509 prime?
True
Is 3936466817 prime?
True
Is 3427508789 a composite number?
False
Is 18774510581 composite?
False
Is 790007369 a composite number?
False
Is 2248952107 composite?
False
Is 2464119967 prime?
False
Is 221955590433 prime?
False
Is 105467491 a composite number?
False
Is 9742755713 a composite number?
False
Is 786826457 a prime number?
True
Is 12649554977 a prime number?
True
Is 54533597909 a prime number?
False
Is 14780573417 a composite number?
False
Is 2371343683 composite?
True
Is 1240440953 prime?
False
Is 6522179101 prime?
False
Is 918589369 a prime number?
False
Is 56390894297 a prime number?
False
Is 11082483317 composite?
False
Is 4065713349 prime?
False
Is 46660212685 prime?
False
Is 10789512023 composite?
True
Is 188538607349 prime?
True
Is 15188585537 a composite number?
False
Is 216712644367 composite?
False
Is 774981137 a composite number?
True
Is 9026350453 prime?
True
Is 5828011967 composite?
False
Is 14202523651 a prime number?
True
Is 234764246 prime?
False
Is 2283280999 composite?
True
Is 168593483 prime?
True
Is 10343095435 a prime number?
False
Is 1980415001 a composite number?
False
Is 4562376893 a composite number?
False
Is 571901807 composite?
True
Is 2489682047 composite?
False
Is 289203472969 a composite number?
True
Is 1990159489 a prime number?
True
Is 27745805069 a composite number?
True
Is 1591733491 a composite number?
False
Is 3478665367 composite?
False
Is 23001062207 composite?
False
Is 2723913835 a prime number?
False
Is 99786969619 a composite number?
True
Is 2988233317 composite?
False
Is 216186101 prime?
True
Is 778047091 a composite number?
False
Is 2